{"id":4,"date":"2016-12-06T11:23:15","date_gmt":"2016-12-06T11:23:15","guid":{"rendered":"https:\/\/kesksedhanked.rik.ee\/?page_id=4"},"modified":"2023-12-05T16:05:33","modified_gmt":"2023-12-05T14:05:33","slug":"avaleht","status":"publish","type":"page","link":"https:\/\/kesksedhanked.rik.ee\/","title":{"rendered":"Avaleht"},"content":{"rendered":"<div class=\"content-overcols\">\n<h1>Tere tulemast kesksete hangete veebilehele!<\/h1>\n<p>Tulenevalt riigihangete seadusest on hankijatel v\u00f5imalik hankida asju ja teenuseid kas iseseisvalt, \u00fchiselt v\u00f5i keskselt.<\/p>\n<\/div>\n<div class=\"front-cols\">\n<p><a href=\"\/rit\/\"><img loading=\"lazy\" decoding=\"async\" class=\"alignnone wp-image-49 size-full\" src=\"https:\/\/kesksedhanked.rik.ee\/wp-content\/uploads\/2023\/12\/rit_logo.png\" alt=\"RIT logo\" width=\"224\" height=\"72\" \/><\/a><br \/>\nRiigi Info- ja Kommunikatsioonitehnoloogia Keskus (RIT) on kohustuslik keskne hankija ministeeriumite, nende haldusala asutuste ning Riigikantselei t\u00f6\u00f6koha laua-, s\u00fcle-, tahvelarvutite, monitoride, printerite ja plotterite soetamisel.<\/p>\n<p>Kohustusliku keskse hankijana korraldab RIT riigiasutuste eest hankeid Vabariigi Valitsuse poolt m\u00e4\u00e4ratud ulatuses, mis t\u00e4hendab, et keskse hankimisega h\u00f5lmatud asutustel ei ole \u00f5igust VV korralduses m\u00e4\u00e4ratud tooteid ja teenuseid hankida iseseisvalt ega \u00fchiselt.<\/p>\n<p>RIT korraldab ka info- ja kommunikatsioonitehnoloogia (IKT) \u00fchishankeid, millega k\u00f5igil soovijatel on v\u00f5imalik liituda.<\/p>\n<\/div>\n<div class=\"front-cols\">\n<p><a href=\"\/rik\/\"><img decoding=\"async\" src=\"\/wp-content\/uploads\/2016\/12\/RIK_est_horis-300x72.png\" alt=\"Registrite ja Infos\u00fcsteemide Keskuse logo\" \/><\/a>Registrite ja Infos\u00fcsteemide Keskus (RIK) oli kuni 2022. aastani kohustuslik keskne hankija ministeeriumite, nende haldusala asutustele ning Riigikantseleile, alates 18.04.2022 on kohustuslikuks keskseks hankijaks Riigi Info- ja Kommunikatsioonitehnoloogia Keskus (RIT).<\/p>\n<p>RIK korraldab info- ja kommunikatsioonitehnoloogia \u00fchishankeid, millega k\u00f5igil soovijatel on v\u00f5imalik liituda.<\/p>\n<\/div>\n<div class=\"clearfix\"><\/div>\n<div class=\"front-cols padding-fix\"><a class=\"choicebutton\" href=\"\/rit\/\">RIT kesksete hangete lehele<\/a><\/div>\n<div class=\"front-cols padding-fix\"><a class=\"choicebutton\" href=\"\/rik\/\">RIK kesksete hangete lehele<\/a><\/div>\n<div class=\"clearfix\"><\/div>\n","protected":false},"excerpt":{"rendered":"<p>Tere tulemast kesksete hangete veebilehele! Tulenevalt riigihangete seadusest on hankijatel v\u00f5imalik hankida asju ja teenuseid kas iseseisvalt, \u00fchiselt v\u00f5i keskselt. Riigi Info- ja Kommunikatsioonitehnoloogia Keskus (RIT) on kohustuslik keskne hankija ministeeriumite, nende haldusala asutuste ning Riigikantselei t\u00f6\u00f6koha laua-, s\u00fcle-, tahvelarvutite, monitoride, printerite ja plotterite soetamisel. Kohustusliku keskse hankijana korraldab RIT riigiasutuste eest hankeid Vabariigi Valitsuse [&hellip;]<\/p>\n","protected":false},"author":1,"featured_media":0,"parent":0,"menu_order":0,"comment_status":"closed","ping_status":"closed","template":"","meta":{"footnotes":""},"class_list":["post-4","page","type-page","status-publish","hentry"],"_links":{"self":[{"href":"https:\/\/kesksedhanked.rik.ee\/index.php?rest_route=\/wp\/v2\/pages\/4","targetHints":{"allow":["GET"]}}],"collection":[{"href":"https:\/\/kesksedhanked.rik.ee\/index.php?rest_route=\/wp\/v2\/pages"}],"about":[{"href":"https:\/\/kesksedhanked.rik.ee\/index.php?rest_route=\/wp\/v2\/types\/page"}],"author":[{"embeddable":true,"href":"https:\/\/kesksedhanked.rik.ee\/index.php?rest_route=\/wp\/v2\/users\/1"}],"replies":[{"embeddable":true,"href":"https:\/\/kesksedhanked.rik.ee\/index.php?rest_route=%2Fwp%2Fv2%2Fcomments&post=4"}],"version-history":[{"count":19,"href":"https:\/\/kesksedhanked.rik.ee\/index.php?rest_route=\/wp\/v2\/pages\/4\/revisions"}],"predecessor-version":[{"id":50,"href":"https:\/\/kesksedhanked.rik.ee\/index.php?rest_route=\/wp\/v2\/pages\/4\/revisions\/50"}],"wp:attachment":[{"href":"https:\/\/kesksedhanked.rik.ee\/index.php?rest_route=%2Fwp%2Fv2%2Fmedia&parent=4"}],"curies":[{"name":"wp","href":"https:\/\/api.w.org\/{rel}","templated":true}]}}